+ 18 + -21 + -12?
-8
What is the value of (2 - 3 - (-14 + 15)) + -6 + 6?
-2
What is the value of 0 + (5 - 1) + 11 - (57 - 61)?
19
What is the value of 12 + (-23 - -9) + (-1 - 1)?
-4
886 - 897 - (-13 - (1 - 1))
2
What is 1 - 5 - 5 - (10 - (5 + 40))?
26
Evaluate (5 - -3 - 5) + (27 - 23).
7
-27 + 23 + ((-1 - -7) + -17 - -4)
-11
What is (-6 - (-1 - 7)) + -6?
-4
Evaluate 5 + (14 - 9) + 2 + 0.
12
Calculate (145 - 162) + -3 + 11.
-9
What is (21 - 14) + -26 - -19?
0
Evaluate (-47 - -10) + 28 + 47.
38
Evaluate -1 + (8 - 0) + 28 + (-81 - -75).
29
Calculate (-215 - -226) + 3 + 2 + -3 + -1.
12
Evaluate (-8 + 9 - -7 - (20 - 0)) + -6.
-18
Calculate 0 + -6 - (324 + -335).
5
What is (2 - (-2 - 15)) + -14?
5
Evaluate -41 + (4 - (-18 + -6)).
-13
Calculate 18 + (-22 + -4 - -14) + -9.
-3
Evaluate -2 - 36 - (334 - 340).
-32
What is (23 - 7) + -17 - (2 + 0 + -2)?
-1
Evaluate -13 + (17 - 52 - -29).
-19
What is the value of (0 - 0) + -3 + 32 + -15?
14
(-2 - 0) + -24 + (-18 - -35)
-9
What is 2 - 1 - (5 - -13) - -10?
-7
What is -9 + 9 + (-18 - 2) + 1 + 7?
-12
What is the value of (-3 - (-6 + (13 - 15))) + 17?
22
Calculate -22 + 0 + 13 + -2 + -1.
-12
What is the value of 15 + -35 + -3 + -5 + 10?
-18
Evaluate -3 - (-2 + 3 - (6 - 21)).
-19
6 + -11 + -9 + 1 + 6 + -4
-11
What is (3 - -3) + -3 + 1 - (-203 - -204)?
3
Evaluate (1 - 3) + (34 - (-16 + 34)).
14
What is the value of -17 + (2 + -6 - (-2 + 2 - 6))?
-15
Evaluate 17 - (-3 - (20 + -45)).
-5
Calculate -52 - (32 - (-31 + 79)).
-36
Evaluate 5 + -9 + 2 + 10.
8
Evaluate -23 + 10 + 10 - -5.
2
-2 - ((71 - 68) + (0 + -1 - -11))
-15
What is 10 + 2 + -13 - 6?
-7
Calculate (2 + -4 - (-4 + 2)) + -10 + 22.
12
Calculate 1 + 19 - (13 - 3 - 17 - -13).
14
What is -11 - (29 + -24 - (-3 + 14))?
-5
What is the value of 36 + 8 + -13 - (8 + (4 - 3))?
22
Calculate (-1 - -7) + (-49 - -50).
7
Calculate -1037 + 1005 + 21 + -1.
-12
Evaluate -45 + 46 + (-6 - 17).
-22
Calculate (2 - 2) + -13 + 12 - (-8 - -12).
-5
What is -36 + 1 + -2 - (5034 - 5045)?
-26
2 + 8 + -9 + -3 - -1 - -9
8
Evaluate 6 + (-10 - (-2 - -3) - -2 - 6).
-9
Evaluate 159 - 177 - (-11 - -1).
-8
(10 - (20 - 9)) + (-6 - -16)
9
What is the value of 7 + 1 + (4 - 15 - -3)?
0
Calculate -8 + -1 - (-78 - -7 - -52).
10
(-14 - (-13 - -15) - -16) + 22
22
What is the value of -32 + (-11 - -37) - (-28 + (-2 - -2))?
22
Calculate 2 + 4 - (61 + -56).
1
Calculate (-1 - 9) + (11 - 3).
-2
-690 + 664 - (1 - 13)
-14
What is (-5 + 14 - 10) + 13 - -10?
22
What is (-36 - 8) + 35 + 31?
22
Evaluate -3 - 3 - (10 - (-1 - (-1 + 5))).
-21
(13 - 4) + -3 + 0 + 9
15
3 + (-5 - 2) + (8 - 12)
-8
Calculate 1 + 7 + -27 + -44 + 57.
-6
Evaluate 25 + -15 + -8 + 6 + 1.
9
Evaluate (-24 - -9) + (22 + -18 - -46).
35
(-45 - -58) + (-5 - 12)
-4
What is (3 - (7 + -7 + 5)) + 1?
-1
What is the value of (-4 + 67 - 58) + -1 + -3?
1
Evaluate -22 + (30 - -39) + -17.
30
Calculate -13 - -4 - -1 - (3 + -8 + 7).
-10
Calculate (-34 - (13 + -1 - 14)) + 7.
-25
-13 + 24 + -12 - (-21 + 0 - 3)
23
What is -4 + (-14 - -9 - (1 - 1))?
-9
-180 + 155 + -2 + 55
28
What is the value of -6 + (-1 - -9 - 14) + -15?
-27
What is the value of 11 + -11 + -8 + 17 + -3?
6
What is 229 + -205 - (0 - -7)?
17
What is (2 - 0) + (17 - 16)?
3
Evaluate -3 + 8 + -11 + (-1 - 4).
-11
What is -1 + (0 + 0 - ((15 - 38) + 17))?
5
What is -2 + (-3 - -5) - (14 - 10)?
-4
Evaluate -25 + 59 + -24 + -19.
-9
What is the value of (5 - 8) + -2 + 5 + -1?
-1
(3 + -8 - 1) + -2 + 3 + -4
-9
Calculate 0 + -9 - (294 + -292).
-11
Evaluate 6 + -6 + (-3 - -2) + 6.
5
Calculate 5 + -2 + -37 + 21 + 11 - -2.
0
What is the value of (1 - 5 - -3) + -13 + (25 - 25)?
-14
What is the value of 27 + -21 + 12 + -19?
-1
-17 + -1 - (10 + (24 - 45))
-7
What is (4 - (-4 + 25)) + 65 + -22?
26
Calculate 60 + -15 + -26 + -33.
-14
What is the value of 24 + (13 - (11 + 3)) + 7?
30
Evaluate -8 + (4 - -1 - ((9 - 5) + -2)).
-5
Calculate 4 - ((-2 - 4) + (-6 - -28)).
-12
-3 - (-1 - (6 - 17)) - (-61 - -59)
-11
Calculate (4 - -1) + 0 - (-515 - -481).
39
Evaluate -21 + 34 + (-16 - -3).
0
Evaluate 165 + -157 + (4 - 2 - -6 - 2).
14
Calculate (-5 - -15 - 27) + (-2 - (3 + -2)).
-20
What is 0 + (13 - (9 - 4)) + -2 + 9?
15
What is the value of -43 + (126 + -110 - (-2 + 8))?
-33
Calculate (-9 - 0 - -8) + (-4 - (2 + -11)).
4
Calculate -17 - -26 - 7 - (-1 - -7).
-4
What is the value of (-3 - -5) + (1 + 7 - (7 + 4))?
-1
What is the value of 14 + 20 + -21 - (15 - 5)?
3
Evaluate 3 + 17 + 5 + -16 + -42.
-33
What is the value of -24 + 68 + -24 + -12?
8
What is the value of 6 + (-1 + 2 - 8 - 3) - -6?
2
Calculate (1 - (0 - 2)) + -5.
-2
What is the value of -18 - (-72 + 38 - -33)?
-17
-24 - ((-4 - -2) + (16 - 35 - -18))
-21
Calculate 64 - (72 + 0) - ((0 - -1) + -28).
19
What is -2 + 2 - -8 - (392 - 412)?
28
What is the value of -4 - (-10 - 24 - -19)?
11
What is 6 + (-8 + 7 + -12 - -5)?
-2
Calculate 1 + 5 - ((-87 - -47) + 45).
1
What is the value of 8 + -23 + (-1 - (1 + -6)) + -5?
-16
What is the value of 32 + (20 + -8 + -17 - (0 + 3))?
24
What is ((-5 - -10) + 22 - 4) + -8?
15
What is the value of 5 + 2 - (13 + (-35 - -14))?
15
What is (2 - -34) + (-13 - 9)?
14
Evaluate 18 + -20 + 4 + -10.
-8
What is 9 - 4 - ((-14 - -8) + (3 - -26))?
-18
Evaluate -2 + 6 - (9 + 1 + -5).
-1
What is 17 - ((0 - 14) + 30)?
1
What is -20 + 28 + (23 - 37)?
-6
What is the value of (0 - -10) + 2 + (911 - 911)?
12
Calculate 25 + -24 + (-58 - -33).
-24
What is the value of -2 + -42 - -17 - -14 - -10?
-3
What is the value of 14 - (-5 + 12) - 14?
-7
What is the value of 9 - (16 - (10 + -5) - 14)?
12
996 + -966 - (40 + -1)
-9
What is 14 + (1 - 15) + (4 + 0 - 10)?
-6
What is -10 + (1 + -5 - -15) - 12 - 9?
-20
What is the value of -11 + -2 + (298 - 270)?
15
What is the value of -18 + -11 + -91 + 109?
-11
Evaluate 27 - 34 - (-5 + -1 + -2).
1
What is the value of -15 + 0 - (1 + -8)?
-8
What is the value of -67 + 80 - ((1 - 2) + 8)?
6
Calculate 7 - 2 - (-10 - (-50 + 27)).
-8
0 + (-9 - 6 - 1) + -2
-18
Calculate -4 + (43 - 17) + -11.
11
1 - -9 - (-16 + 41 - -2)
-17
Calculate 2 + (0 - (-6 - -6) - (-1 - 1)).
4
What is -14 + 4 - (-6 - ((0 - 3) + 2))?
-5
What is 3 + (1 - 6 - (-36 + 25))?
9
What is -8 + -4 + (2 - -6) - -3?
-1
What is -14 + 5 + 9 - (-8 - -16)?
-8
What is the value of (2 - (-3 - 1)) + 6 + (-5 - -2)?
9
-26 - (-14 + -2 + -16)
6
Calculate 0 + 18 + -6 + (-37 - -37).
12
What is the value of -19 - (12 + -9 + 6 + -2 + -14)?
-12
Evaluate -17 - (-3 + -19 + -11) - (-3 - -1).
18
What is 18 + -16 + 3 - (-4 + 5 + 0)?
4
What is the value of 4 + -1 + 16 + (-22 - 4)?
-7
What is -8 - ((-4 - -2) + 28 + -27)?
-7
What is the value of (0 - -3) + (50 - 54 - (5 - 1))?
-5
18 - ((1 - -1) + -24 + 28)
12
Evaluate (-1 + -1 - -15) + -20.
-7
Calculate -29 + 25 - ((-7 - 3) + 5).
1
Calculate -3 + 3 - (-3 - -7 - 16) - 0.
12
Calculate 1 + 21 + (-4 + 14 - 10).
22
What is (23 - 0) + (-7 - (-39 - -46))?
9
What is the value of -6 + 3 + (15 - 14) + -11?
-13
-23 + (2 + -11 - -18) - -4
-10
4 + 45 + (38 - 68)
19
(-108 - -116) + -3 + 0 + -9
-4
What is the value of -10 + 26 + (-7 - 4)?
5
0 + 5 + 6 + -2 + (1 - 8)
2
What is the value of 1 + (-8 - (6 + -3)) + 6?
-4
Calculate -1 - ((-18 - (-5 - -2)) + (-4 - -8)).
10
What is the value of 3 - (-7 + 32 + 3)?
-25
What is the value of -895 + 886 - (1 + (0 - -9))?
-19
What is -16 - (18 + -37) - -7?
10
Calculate 1 - (2 - -1) - (-41 + -32 + 74).
-3
Evaluate -16 + (-12 + (6 - 0) - -12).
-10
-5065 + 5079 + (-1 - (0 + -23))
36
-6 - (11 - (28 + -10))
1
What is the value of 5 - ((20 - -1) + (-61 - -50))?
-5
Calculate -840 + 839 - (10 + 0).
-11
Calculate 8 + -1 - ((2 - 4) + 2) - 12.
-5
-2 + -18 + 0 - (-107 - -104)
-17
9 + -6 + (7 - (-1 - -2))
9
Calculate 6 + (22 - (0 - -14)).
14
What is -7 + (-7 - -26) - (9 + -9 + 8)?
4
What is -13 - -21 - 0 - (-3 + 0 - -8)?
3
What is -31 + (7 - -4 - -10)?
-10
What is the value of -12 + -70 + 29 - -12?
-41
Evaluate 39 + -1 - (140 + -111).
9
What is 2 + -13 + 3 - -9 - -11?
12
What is 0 + 3 + (-4 - 11)?
-12
Evaluate (0 + 2 - 14) + (20 + -40 - -25).
-7
Evaluate 23 + -10 + (2 - (-9 + 3)).
21
Calculate -17 + (-13 - -13) + 13.
-4
Calculate -14 + (-3 - (-7 - 2)) + -1.
-9
0 - (-8 + (-13 - -6 - -13) + 9)
-7
What is (12 - 31) + (23 - 6)?
-2
What is the value of 1 - -1 - (25 - (1 - -10))?
-12
What is the value of 4 + 7 + (6 + -18 - -4)?
3
Evaluate -1 